{"id":5448,"date":"2023-05-08T12:26:23","date_gmt":"2023-05-08T10:26:23","guid":{"rendered":"https:\/\/www.iciqschool.com\/?page_id=5448"},"modified":"2026-03-27T12:51:39","modified_gmt":"2026-03-27T10:51:39","slug":"speakers","status":"publish","type":"page","link":"https:\/\/iciqsummerschool2026.com\/index.php\/speakers\/","title":{"rendered":"SPEAKERS"},"content":{"rendered":"<div class=\"divider one\">&nbsp;<\/div>\n<div  class=\"one withsmallpadding ppb_header \" style=\"text-align:center;padding:40px 0 40px 0;\" >\n<div class=\"standard_wrapper\">\n<div class=\"page_content_wrapper\">\n<div class=\"inner\">\n<div style=\"margin:auto;width:100%\">\n<h2 class=\"ppb_title\" style=\"color:#f59f1e;;text-align:center;\">Plenary Speakers<\/h2>\n<\/div>\n<\/div>\n<\/div>\n<\/div>\n<\/div>\n<div  class=\"ppb_speaker_classic one nopadding \" >\n<div class=\"page_content_wrapper page_main_content sidebar_content full_width fixed_column\">\n<div id=\"1774608699922963112\" data-columns=\"3\">\n<div class=\"element grid one_third_bg\"><a class=\"speaker_grid_link\" href=\"https:\/\/iciqsummerschool2026.com\/index.php\/speaker\/varinder-k-aggarwal\/\"><img decoding=\"async\" src=\"https:\/\/iciqsummerschool2026.com\/wp-content\/uploads\/2026\/03\/varinder_aggarwal.png\" alt=\"Varinder K. Aggarwal\"\/><\/a><\/p>\n<div class=\"speaker_info_wrapper\">\n<h4>Varinder K. Aggarwal<\/h4>\n<div class=\"speaker_desc\">University of Bristol, United Kingdom<\/div>\n<\/div>\n<\/div>\n<div class=\"element grid one_third_bg\"><a class=\"speaker_grid_link\" href=\"https:\/\/iciqsummerschool2026.com\/index.php\/speaker\/donna-blackmond\/\"><img decoding=\"async\" src=\"https:\/\/iciqsummerschool2026.com\/wp-content\/uploads\/2026\/03\/300x300_donna_blackmond.png\" alt=\"Donna Blackmond\"\/><\/a><\/p>\n<div class=\"speaker_info_wrapper\">\n<h4>Donna Blackmond<\/h4>\n<div class=\"speaker_desc\">The Scripps Research Institute, USA<\/div>\n<\/div>\n<\/div>\n<div class=\"element grid one_third_bg\"><a class=\"speaker_grid_link\" href=\"https:\/\/iciqsummerschool2026.com\/index.php\/speaker\/thomas-carell\/\"><img decoding=\"async\" src=\"https:\/\/iciqsummerschool2026.com\/wp-content\/uploads\/2026\/03\/THOMAS-CARELL.png\" alt=\"Thomas Carell\"\/><\/a><\/p>\n<div class=\"speaker_info_wrapper\">\n<h4>Thomas Carell<\/h4>\n<div class=\"speaker_desc\">Ludwig-Maximilians-Universit\u00e4t M\u00fcnchen, Germany<\/div>\n<\/div>\n<\/div>\n<p><br class=\"clear\"\/><\/p>\n<div class=\"element grid one_third_bg\"><a class=\"speaker_grid_link\" href=\"https:\/\/iciqsummerschool2026.com\/index.php\/speaker\/david-a-leigh\/\"><img decoding=\"async\" src=\"https:\/\/iciqsummerschool2026.com\/wp-content\/uploads\/2026\/03\/dave-leigh-bio-cropped.png\" alt=\"David A. Leigh\"\/><\/a><\/p>\n<div class=\"speaker_info_wrapper\">\n<h4>David A. Leigh<\/h4>\n<div class=\"speaker_desc\">The University of Manchester, United Kingdom<\/div>\n<\/div>\n<\/div>\n<div class=\"element grid one_third_bg\"><a class=\"speaker_grid_link\" href=\"https:\/\/iciqsummerschool2026.com\/index.php\/speaker\/nuria-lopez\/\"><img decoding=\"async\" src=\"https:\/\/iciqsummerschool2026.com\/wp-content\/uploads\/2026\/03\/12225881-e1774525956274.png\" alt=\"N\u00faria L\u00f3pez\"\/><\/a><\/p>\n<div class=\"speaker_info_wrapper\">\n<h4>N\u00faria L\u00f3pez<\/h4>\n<div class=\"speaker_desc\">Institut Catal\u00e0 d\u2019Investigaci\u00f3 Qu\u00edmica (ICIQ), Spain<\/div>\n<\/div>\n<\/div>\n<div class=\"element grid one_third_bg\"><a class=\"speaker_grid_link\" href=\"https:\/\/iciqsummerschool2026.com\/index.php\/speaker\/pedro-j-perez\/\"><img decoding=\"async\" src=\"https:\/\/iciqsummerschool2026.com\/wp-content\/uploads\/2026\/03\/Pedro-Perez.png\" alt=\"Pedro J. P\u00e9rez\"\/><\/a><\/p>\n<div class=\"speaker_info_wrapper\">\n<h4>Pedro J. P\u00e9rez<\/h4>\n<div class=\"speaker_desc\">Universidad de Huelva, Spain<\/div>\n<\/div>\n<\/div>\n<p><br class=\"clear\"\/><\/div>\n<\/div>\n<\/div>\n<div class=\"divider one\">&nbsp;<\/div>\n<div  class=\"one withsmallpadding ppb_header \" style=\"text-align:center;padding:40px 0 40px 0;\" >\n<div class=\"standard_wrapper\">\n<div class=\"page_content_wrapper\">\n<div class=\"inner\">\n<div style=\"margin:auto;width:100%\">\n<h2 class=\"ppb_title\" style=\"color:#f59f1e;;text-align:center;\">Invited Speakers<\/h2>\n<\/div>\n<\/div>\n<\/div>\n<\/div>\n<\/div>\n<div  class=\"ppb_speaker_classic one nopadding \" >\n<div class=\"page_content_wrapper page_main_content sidebar_content full_width fixed_column\">\n<div id=\"17746086991181464396\" data-columns=\"3\">\n<div class=\"element grid one_third_bg\"><a class=\"speaker_grid_link\" href=\"https:\/\/iciqsummerschool2026.com\/index.php\/speaker\/allegra-franchino\/\"><img decoding=\"async\" src=\"https:\/\/iciqsummerschool2026.com\/wp-content\/uploads\/2026\/03\/Allegra-Franchino.png\" alt=\"Allegra Franchino\"\/><\/a><\/p>\n<div class=\"speaker_info_wrapper\">\n<h4>Allegra Franchino<\/h4>\n<div class=\"speaker_desc\">Durham University, United Kingdom<\/div>\n<\/div>\n<\/div>\n<div class=\"element grid one_third_bg\"><a class=\"speaker_grid_link\" href=\"https:\/\/iciqsummerschool2026.com\/index.php\/speaker\/daniel-maspoch\/\"><img decoding=\"async\" src=\"https:\/\/iciqsummerschool2026.com\/wp-content\/uploads\/2026\/03\/DANIEL_MASPOCH-2016.png\" alt=\"Daniel Maspoch\"\/><\/a><\/p>\n<div class=\"speaker_info_wrapper\">\n<h4>Daniel Maspoch<\/h4>\n<div class=\"speaker_desc\">Institut Catal\u00e0 de Nanoci\u00e8ncia i Nanotechnologia (ICN2), Spain<\/div>\n<\/div>\n<\/div>\n<div class=\"element grid one_third_bg\"><a class=\"speaker_grid_link\" href=\"https:\/\/iciqsummerschool2026.com\/index.php\/speaker\/geraldine-masson\/\"><img decoding=\"async\" src=\"https:\/\/iciqsummerschool2026.com\/wp-content\/uploads\/2026\/03\/Geraldine_Masson.png\" alt=\"G\u00e9raldine Masson\"\/><\/a><\/p>\n<div class=\"speaker_info_wrapper\">\n<h4>G\u00e9raldine Masson<\/h4>\n<div class=\"speaker_desc\">Centre National de la Recherche Scientifique (CNRS), France<\/div>\n<\/div>\n<\/div>\n<p><br class=\"clear\"\/><\/p>\n<div class=\"element grid one_third_bg\"><a class=\"speaker_grid_link\" href=\"https:\/\/iciqsummerschool2026.com\/index.php\/speaker\/javier-montenegro\/\"><img decoding=\"async\" src=\"https:\/\/iciqsummerschool2026.com\/wp-content\/uploads\/2026\/03\/Javier-Montenegro.png\" alt=\"Javier Montenegro\"\/><\/a><\/p>\n<div class=\"speaker_info_wrapper\">\n<h4>Javier Montenegro<\/h4>\n<div class=\"speaker_desc\">Universidade de Santiago de Compostela, Spain<\/div>\n<\/div>\n<\/div>\n<div class=\"element grid one_third_bg\"><a class=\"speaker_grid_link\" href=\"https:\/\/iciqsummerschool2026.com\/index.php\/speaker\/silvia-osuna\/\"><img decoding=\"async\" src=\"https:\/\/iciqsummerschool2026.com\/wp-content\/uploads\/2026\/03\/SilviaOsuna.png\" alt=\"S\u00edlvia Osuna\"\/><\/a><\/p>\n<div class=\"speaker_info_wrapper\">\n<h4>S\u00edlvia Osuna<\/h4>\n<div class=\"speaker_desc\">Universitat de Girona, Spain<\/div>\n<\/div>\n<\/div>\n<div class=\"element grid one_third_bg\"><a class=\"speaker_grid_link\" href=\"https:\/\/iciqsummerschool2026.com\/index.php\/speaker\/alexandr-shafir\/\"><img decoding=\"async\" src=\"https:\/\/iciqsummerschool2026.com\/wp-content\/uploads\/2026\/03\/Alexandr-Shafir.png\" alt=\"Alexandr Shafir\"\/><\/a><\/p>\n<div class=\"speaker_info_wrapper\">\n<h4>Alexandr Shafir<\/h4>\n<div class=\"speaker_desc\">Institut de Qu\u00edmica Avan\u00e7ada de Catalunya (IQAC-CSIC), Spain<\/div>\n<\/div>\n<\/div>\n<p><br class=\"clear\"\/><\/div>\n<\/div>\n<\/div>\n<div class=\"divider one\">&nbsp;<\/div>\n","protected":false},"excerpt":{"rendered":"<p>&nbsp; Plenary Speakers Varinder K. Aggarwal University of Bristol, United Kingdom Donna Blackmond The Scripps Research Institute, USA Thomas Carell Ludwig-Maximilians-Universit\u00e4t M\u00fcnchen, Germany David A. Leigh The University of Manchester, United Kingdom N\u00faria L\u00f3pez Institut Catal\u00e0 d\u2019Investigaci\u00f3 Qu\u00edmica (ICIQ), Spain [&hellip;]<\/p>\n","protected":false},"author":7,"featured_media":0,"parent":0,"menu_order":0,"comment_status":"closed","ping_status":"closed","template":"","meta":{"footnotes":""},"class_list":["post-5448","page","type-page","status-publish","hentry"],"_links":{"self":[{"href":"https:\/\/iciqsummerschool2026.com\/index.php\/wp-json\/wp\/v2\/pages\/5448","targetHints":{"allow":["GET"]}}],"collection":[{"href":"https:\/\/iciqsummerschool2026.com\/index.php\/wp-json\/wp\/v2\/pages"}],"about":[{"href":"https:\/\/iciqsummerschool2026.com\/index.php\/wp-json\/wp\/v2\/types\/page"}],"author":[{"embeddable":true,"href":"https:\/\/iciqsummerschool2026.com\/index.php\/wp-json\/wp\/v2\/users\/7"}],"replies":[{"embeddable":true,"href":"https:\/\/iciqsummerschool2026.com\/index.php\/wp-json\/wp\/v2\/comments?post=5448"}],"version-history":[{"count":26,"href":"https:\/\/iciqsummerschool2026.com\/index.php\/wp-json\/wp\/v2\/pages\/5448\/revisions"}],"predecessor-version":[{"id":5923,"href":"https:\/\/iciqsummerschool2026.com\/index.php\/wp-json\/wp\/v2\/pages\/5448\/revisions\/5923"}],"wp:attachment":[{"href":"https:\/\/iciqsummerschool2026.com\/index.php\/wp-json\/wp\/v2\/media?parent=5448"}],"curies":[{"name":"wp","href":"https:\/\/api.w.org\/{rel}","templated":true}]}}